{"id":56,"date":"2014-01-18T18:47:50","date_gmt":"2014-01-18T17:47:50","guid":{"rendered":"https:\/\/blog.artsaucarre.be\/peinture\/?page_id=56"},"modified":"2014-01-20T18:44:54","modified_gmt":"2014-01-20T17:44:54","slug":"expos-concours","status":"publish","type":"page","link":"https:\/\/blog.artsaucarre.be\/peinture\/expos-concours\/","title":{"rendered":"contact"},"content":{"rendered":"<p>B\u00e9nedicte Henderick<br \/>\n<a href=\"mailto:benedicte.henderick@artsaucarre.be\">benedicte.henderick@artsaucarre.be<\/a><\/p>\n<p>Arts2 &#8211; \u00c9cole sup\u00e9rieure des Arts<br \/>\nOption peinture<\/p>\n<p>4a, rue des Soeurs noires<br \/>\nB-7000 Mons<\/p>\n","protected":false},"excerpt":{"rendered":"<p>B\u00e9nedicte Henderick benedicte.henderick@artsaucarre.be Arts2 &#8211; \u00c9cole sup\u00e9rieure des Arts Option peinture 4a, rue des Soeurs noires B-7000 Mons<\/p>\n","protected":false},"author":33,"featured_media":0,"parent":0,"menu_order":0,"comment_status":"closed","ping_status":"closed","template":"","meta":{"footnotes":""},"class_list":["post-56","page","type-page","status-publish","hentry"],"_links":{"self":[{"href":"https:\/\/blog.artsaucarre.be\/peinture\/wp-json\/wp\/v2\/pages\/56","targetHints":{"allow":["GET"]}}],"collection":[{"href":"https:\/\/blog.artsaucarre.be\/peinture\/wp-json\/wp\/v2\/pages"}],"about":[{"href":"https:\/\/blog.artsaucarre.be\/peinture\/wp-json\/wp\/v2\/types\/page"}],"author":[{"embeddable":true,"href":"https:\/\/blog.artsaucarre.be\/peinture\/wp-json\/wp\/v2\/users\/33"}],"replies":[{"embeddable":true,"href":"https:\/\/blog.artsaucarre.be\/peinture\/wp-json\/wp\/v2\/comments?post=56"}],"version-history":[{"count":4,"href":"https:\/\/blog.artsaucarre.be\/peinture\/wp-json\/wp\/v2\/pages\/56\/revisions"}],"predecessor-version":[{"id":126,"href":"https:\/\/blog.artsaucarre.be\/peinture\/wp-json\/wp\/v2\/pages\/56\/revisions\/126"}],"wp:attachment":[{"href":"https:\/\/blog.artsaucarre.be\/peinture\/wp-json\/wp\/v2\/media?parent=56"}],"curies":[{"name":"wp","href":"https:\/\/api.w.org\/{rel}","templated":true}]}}